8 + (0 - q))/(-1)?
19
Let z(s) = s**2 + 9*s - 14. Let f be (-194)/18 + 6/(-27). List the prime factors of z(f).
2
Suppose 6*u - 869 = 541. What are the prime factors of u?
5, 47
Let k(g) = -3*g - 6*g**3 - 2*g + g**2 - g + 7*g. What are the prime factors of k(-2)?
2, 5
Suppose -98 = -5*p - 2*t + 1, -3*t + 44 = 2*p. What are the prime factors of p?
19
Suppose 0 = -5*u + 3*u + 10. Suppose o - 6 = -3*c - 2*c, 20 = -u*o. Suppose q + c*q = 9. List the prime factors of q.
3
Let g be (-4)/(-26) - (-12)/(-78). Suppose -4*j + w - 3 + 13 = g, 2*j + 4*w - 14 = 0. Suppose 23 = j*o + 8. What are the prime factors of o?
5
Suppose 5*d - 24 = i, -3*d + 7*d - 20 = i. Suppose 2*p + 3*n = 16, 3*n - d - 1 = -p. What are the prime factors of p?
11
Suppose -2*i - 2*i + 416 = 0. What are the prime factors of i?
2, 13
Let s(d) = 2*d**2 - 3*d - 3. List the prime factors of s(5).
2
Let r(u) = u**2 + 4*u - 4. Let s be r(-5). Let t be (-34)/8 + 5/20. List the prime factors of (t/(-3))/(s/6).
2
Suppose 0*t - 54 = -t. Let h = t + -29. What are the prime factors of h?
5
Suppose 5*p - 2*k = 5, -p = 2*k + 3*k - 28. Suppose -5*i - p = -23. List the prime factors of i.
2
Let f(q) = 3*q**3 - 2*q**2 + q. Let p be f(1). Suppose 5*b + 0*t - 40 = 2*t, -p*b = 3*t + 3. List the prime factors of b.
2, 3
Suppose 3*y + 2*y = 0. Let z(n) = -n + 5. Let d be z(y). Suppose 101 = d*l + 31. What are the prime factors of l?
2, 7
Let z = -38 + 65. List the prime factors of z - 9 - (1 + -1).
2, 3
Let b be 2/3*9/2. Let j = 6 - b. Suppose -o = -2, -j*g + 2*o = -46 + 14. What are the prime factors of g?
2, 3
Let l(y) = 0*y**2 + 2*y + 0 + y**2 - 1 - 3*y. Let u be (6/(-2) - -1)/1. List the prime factors of l(u).
5
Suppose -10*m + 261 + 1029 = 0. List the prime factors of m.
3, 43
Let n(m) = m - 8. Let k be n(6). List the prime factors of (-4)/k + 6 + -3.
5
Let a be (-200)/(-72) + (-4)/(-18). Let t be 2/(a/((-21)/(-2))). Suppose 0 = 4*p - t*p + 51. What are the prime factors of p?
17
Let i(s) = -7*s - 22. What are the prime factors of i(-8)?
2, 17
Suppose 4*s - 4*g - 20 = -2*g, -4*s + 16 = -g. Suppose -s*f + 4*f = 33. List the prime factors of f.
3, 11
Let v(u) = -2*u**2 + 3*u**3 + 3*u - u**2 - 5 + 2 + 1. Let d = 0 - -2. What are the prime factors of v(d)?
2
Suppose -p + 9 = 4*i, -16 - 2 = -4*i + 2*p. Let s be 27/(-6)*(-8)/i. What are the prime factors of (2 + (-15)/s)*8?
2, 3
Suppose 0 = 5*u - 2*u. Suppose u*d = 2*d - 6. List the prime factors of d.
3
Let w = 176 + -269. Let x = -41 - w. Suppose 8 = 4*k - x. List the prime factors of k.
3, 5
Let a = 3 + 217. List the prime factors of a.
2, 5, 11
Let x(r) = r - 1. Let a be x(6). Suppose -2*t = -h + 3*t + 45, a*h + 5*t = 75. List the prime factors of h.
2, 5
Let a be 2/4 + (-291)/(-6). Suppose -3*y - 5*c = 121, -79 = 2*y + 2*c + c. Let w = a + y. List the prime factors of w.
17
Suppose 4*t - 4*g + 3*g = 417, -5*g - 231 = -2*t. List the prime factors of t.
103
Let k(p) = 5*p**2 + p. Let g be k(-1). Let w(f) = -6 - 5*f - 3*f - 5*f**2 + 0*f - f**3 + g*f. List the prime factors of w(-5).
2, 7
Let g(q) be the first derivative of 4*q - 1/2*q**2 + 1. List the prime factors of g(0).
2
Let d = 68 + -37. What are the prime factors of d?
31
Suppose 0 = 3*d - 7*d + 44. What are the prime factors of d?
11
Let p(u) = 2*u - 1. Let h be p(4). Let o(m) = 3*m + 10. Let x(i) = -5*i - 15. Let c(l) = -8*o(l) - 5*x(l). What are the prime factors of c(h)?
2
What are the prime factors of (-3)/(-12) + 933/12?
2, 3, 13
Suppose -3*o = 4*q - 534, 0 = -q + 5*o + 129 + 16. List the prime factors of q.
3, 5
Suppose 0 = -4*q - 0*f + 3*f - 27, 2*q + 11 = f. Let o be 0*(3 - (-8)/q). Suppose 15 = -o*a + a. What are the prime factors of a?
3, 5
Let h = 0 - -8. Suppose 2*u - 32 = -h. What are the prime factors of u?
2, 3
What are the prime factors of (7 - 52)*(66/(-15) - 0)?
2, 3, 11
Suppose 5*v - 116 = 99. What are the prime factors of v?
43
Let d = 9 - 3. Suppose d*w - w - 15 = 0. Suppose 0 = 5*q - j - 58, 2*q - w - 34 = 5*j. What are the prime factors of q?
11
Let w = 0 + 4. Let a(j) = -3*j - 2. Let v(l) = 7*l + 3. Let c(f) = -9*a(f) - 4*v(f). What are the prime factors of c(w)?
2
Suppose 4*g = 10*g - 120. Suppose w = -2*f - w + g, 5*f - 4*w - 59 = 0. List the prime factors of f.
11
Let m be (26/(-4))/((-2)/4). Let i = m + 2. What are the prime factors of i?
3, 5
Let w be 1/(1*3/15). Let s = w - 0. Suppose s*r = 2*t + 49, -5*r + 28 + 9 = 4*t. What are the prime factors of r?
3
Suppose 0 = -0*s + s - 4. Let f be 3/(-6) - 46/s. Let i = f - -23. List the prime factors of i.
11
Suppose 4*g + 15 = -g, g = -3*n + 3. What are the prime factors of n?
2
Suppose 3*c = 5 + 16. Let j = c - -4. What are the prime factors of j?
11
Suppose 3*m = -m - 8. Let h = m - -13. What are the prime factors of h?
11
Let v(l) = 2*l + 3. List the prime factors of v(4).
11
Suppose -3*q - 2*q - m + 170 = 0, 2*m = 5*q - 155. What are the prime factors of q?
3, 11
Suppose -4*l + 4*c = -1356, 4*c - 708 = -l - l. What are the prime factors of l?
2, 43
Let d(v) = v + 12. Let l be d(-8). Let a(t) = -t**3 + 3*t**2 + 4*t + 2. Let q be a(l). Suppose -3*z + q = -4. What are the prime factors of z?
2
Let o(v) = 3*v**2 - 4*v + 8. List the prime factors of o(5).
3, 7
Suppose -16*v + 17*v - 71 = 0. What are the prime factors of v?
71
Suppose -3*t - 255 = -4*g, 2*g + 2*t - 9 - 129 = 0. List the prime factors of g.
2, 3, 11
Suppose b - 64 = -4*f, f + 3*b - 15 - 12 = 0. Let c = 29 - f. What are the prime factors of c?
2, 7
Let a be (-2)/(-8)*(22 + -2). Suppose -a*n + 166 = 66. List the prime factors of n.
2, 5
Let h(w) = 4*w**2 + 15*w - 20. List the prime factors of h(-9).
13
Suppose 0 = -m - 5*w + 42 - 12, -3*m + 3*w = -108. Let o = m - -2. What are the prime factors of o?
37
Suppose -5*i - 2 + 10 = -2*p, 5*i = p + 14. Suppose -y = -p*y. Suppose y*k + 12 = 2*k. What are the prime factors of k?
2, 3
What are the prime factors of (-110)/(-33)*21/2?
5, 7
Suppose 4*v - 16 = 44. Let w = v + -8. Let j = -5 + w. List the prime factors of j.
2
Suppose 0 = 46*w - 44*w - 436. List the prime factors of w.
2, 109
Suppose 10 = 2*d + 3*d. Suppose -5 = -w + d. What are the prime factors of w?
7
Let c(f) = -13*f**2 - 1. Let i be c(1). Let q = -22 - i. Let x(n) = n**2 + 7*n + 11. What are the prime factors of x(q)?
19
Let k = 96 + -17. List the prime factors of k.
79
Let r(o) = -2*o**2 + 3*o + 7. Let z(g) = -g**2 + g + 4. Let d(y) = 6*r(y) - 13*z(y). What are the prime factors of d(4)?
2, 13
Let p(o) = -o**2 - 8*o - 6. Let u be 4/10 - (-64)/(-10). Let n be p(u). Let w = n - 4. What are the prime factors of w?
2
Suppose 2*t + 3*r = t + 21, t = -5*r + 23. Suppose -u = w + u - 6, w = u + t. What are the prime factors of w?
2, 7
Let d(g) = -4*g**2 - g + 0*g**3 + 2 + 2*g + 3*g**3. Let j(q) = -q**3 + 11*q**2 + 11*q + 14. Let i be j(12). List the prime factors of d(i).
2, 3
Suppose 0*a + a = -27. Let n = -16 - a. List the prime factors of n.
11
Let c = 348 + -246. List the prime factors of c.
2, 3, 17
Suppose -8*v - 64 + 544 = 0. What are the prime factors of v?
2, 3, 5
Let v(f) be the second derivative of -f**4/12 + 5*f**3/3 + 7*f. List the prime factors of v(7).
3, 7
Let j(s) = s**2 - 4*s - 7. Let y be j(-7). Suppose -h = -3*x + 2*x + 19, -4*h = -2*x + y. Let i = h - -24. What are the prime factors of i?
2
Let r = 5 + 9. Suppose t = -2 + 2. Suppose 0*z + 2*z - r = t. What are the prime factors of z?
7
Let q = -25 - -15. Let a be -2*(2 - q/(-4)). Suppose -3*w - a + 13 = 0. List the prime factors of w.
2
Suppose 3*m = -m + 4*o + 212, 3*m - 165 = o. List the prime factors of m.
2, 7
Let l = 6 - 1. Suppose 3*a - l*r + 15 = 5, r = a. What are the prime factors of a?
5
Let n be -3 - (-1 + -2) - -1. Let z = 6 + n. What are the prime factors of z?
7
Let t = -146 - -204. What are the prime factors of t?
2, 29
Suppose -4*i = j - 24, 5*j - 33 = -i - 8. Suppose i*k - 2*x = 2 + 5, -6 = 2*k - 3*x. What are the prime factors of k?
3
Let v be 2/6 + (-10)/(-6). Suppose y = v*y. Let u = y + 3. List the prime factors of u.
3
Suppose -9 + 1 = -h. List the prime factors of h/28 - (-178)/14.
13
Let t(z) = -6*z - 3. Let n be t(4). Let k = n + 57. What are the prime factors of k?
2, 3, 5
Let r = -3 + 3. Suppose 76 = 4*v + 5*f - r*f, 4*f - 16 = 0. Let i = v + -9. What are t